 2, what is 1010001001000110 - 100?
1010001001000010
In base 16, what is 2adb + -1?
2ada
In base 2, what is -101 + -1011111011011001?
-1011111011011110
In base 7, what is 4 + -33616?
-33612
In base 6, what is 400201 + 4?
400205
In base 11, what is -55 + -229?
-283
In base 9, what is 28175 + -8?
28166
In base 16, what is -33 + 95d?
92a
In base 4, what is -1022213001 - -2?
-1022212333
In base 6, what is 150 - 451101?
-450511
In base 11, what is 7453 + -48?
7406
In base 16, what is 10581 + -1e?
10563
In base 2, what is 100111 + 101111111110?
110000100101
In base 2, what is -11011111 + -101010011001?
-101101111000
In base 7, what is -31 - -31366?
31335
In base 9, what is 3 + -724100?
-724086
In base 15, what is -383 + 4a7?
124
In base 3, what is 102 - 21210?
-21101
In base 14, what is -86 + -d?
-95
In base 10, what is -26190 + -6?
-26196
In base 4, what is 11302100203 + 10?
11302100213
In base 4, what is -2 + -100103231?
-100103233
In base 14, what is -3 + -3bbc?
-3bc1
In base 2, what is -10011000101110 - 0?
-10011000101110
In base 2, what is -1100011101 + -101011?
-1101001000
In base 4, what is 11320 - 122221?
-110301
In base 12, what is 0 + 319a6?
319a6
In base 10, what is 4 - 6940?
-6936
In base 10, what is -2674 - -11?
-2663
In base 5, what is -104130 + -10?
-104140
In base 12, what is 40 - -8b43?
8b83
In base 13, what is 5 - -23c?
244
In base 14, what is -195 - -5b1?
41a
In base 14, what is -c7ba + -2?
-c7bc
In base 14, what is 9 + -163c?
-1633
In base 7, what is 141 + -1040?
-566
In base 4, what is 103310122 + -3?
103310113
In base 2, what is 1111000011100010101 + -100?
1111000011100010001
In base 8, what is -5 - 620774?
-621001
In base 8, what is -262041 - -4?
-262035
In base 2, what is 1101010001 + -1000010011111?
-110101001110
In base 8, what is 27421 - -4?
27425
In base 15, what is -11a90 + -2?
-11a92
In base 11, what is 14085 - -7?
14091
In base 6, what is -511 - 104?
-1015
In base 9, what is 26 + 88306?
88333
In base 15, what is -4ce3 - -2?
-4ce1
In base 5, what is 3213 - -10004?
13222
In base 15, what is 59 - -17ae?
1818
In base 13, what is 34 - -492?
4c6
In base 14, what is -2 - 75c?
-760
In base 5, what is 30 + 1112?
1142
In base 8, what is -5 + 43615?
43610
In base 5, what is -13441 + 40?
-13401
In base 12, what is 1ab3 - -9?
1b00
In base 8, what is -2644 - -30?
-2614
In base 13, what is 0 + 4137?
4137
In base 4, what is -23131 + 12230?
-10301
In base 15, what is 3 + -43d85?
-43d82
In base 14, what is 63127 - -12?
63139
In base 3, what is -122021 - -112110?
-2211
In base 10, what is -4 + -6390?
-6394
In base 13, what is -37536 - 5?
-3753b
In base 15, what is -44 + 29?
-1a
In base 7, what is -5 - -205446?
205441
In base 16, what is 4 + 3dd3a?
3dd3e
In base 12, what is -b7 + 891?
796
In base 10, what is -2810 + 8?
-2802
In base 7, what is 3 + -22252?
-22246
In base 6, what is -5242502 + 2?
-5242500
In base 3, what is 11010 + 112002010?
112020020
In base 7, what is 54154 + -3?
54151
In base 5, what is 1 + -44300?
-44244
In base 3, what is 1001022 - -2201?
1011000
In base 16, what is -5 + -9dd?
-9e2
In base 7, what is 632 - -11664?
12626
In base 8, what is -22316 + 236?
-22060
In base 5, what is 1042121 + 102?
1042223
In base 11, what is 414179 + -9?
414170
In base 3, what is -11200122012 + -1012?
-11200200101
In base 14, what is -1 - -150c11?
150c10
In base 8, what is -150 - -763?
613
In base 14, what is 110a84 + -3?
110a81
In base 8, what is 0 - -523370?
523370
In base 13, what is a906 - 5?
a901
In base 4, what is -1200321 + 23?
-1200232
In base 7, what is 125 + 1563?
2021
In base 14, what is 12609 + 2?
1260b
In base 15, what is -1 + 10cdd2?
10cdd1
In base 7, what is -13 + -225536?
-225552
In base 9, what is 3 - -15102?
15105
In base 8, what is -403663 + 0?
-403663
In base 8, what is -16076 + -40?
-16136
In base 14, what is -10 - -294a?
293a
In base 8, what is -1 - 342223?
-342224
In base 11, what is 730309 + 5?
730313
In base 4, what is 1 - -330033011?
330033012
In base 6, what is -212 - -12020?
11404
In base 11, what is 14a871 + -1?
14a870
In base 15, what is 3e586 + 9?
3e590
In base 4, what is 100 - 320310?
-320210
In base 12, what is -11 - 54a4?
-54b5
In base 9, what is 105685 - -1?
105686
In base 5, what is -20 - 220332222?
-220332242
In base 12, what is -293244 - 0?
-293244
In base 2, what is -10 + -110110010111?
-110110011001
In base 7, what is -1145405 + 4?
-1145401
In base 13, what is 27530 + -1?
2752c
In base 3, what is 100211101 + -10?
100211021
In base 10, what is -4 + 4752?
4748
In base 16, what is 338d - -6?
3393
In base 4, what is -13003 + 132303?
113300
In base 6, what is 1503133 - -10?
1503143
In base 2, what is 111010011111110101 + 11?
111010011111111000
In base 5, what is -10 - -1344231?
1344221
In base 4, what is 21 - 103300?
-103213
In base 12, what is -a568 + 0?
-a568
In base 15, what is 5 - 16b27?
-16b22
In base 3, what is 1 + -1120010011121?
-1120010011120
In base 15, what is 3 - -4151?
4154
In base 6, what is -124 + 551013?
550445
In base 12, what is 369990 + 0?
369990
In base 8, what is -27060 - -6?
-27052
In base 10, what is 68 + -481?
-413
In base 8, what is -234502 + 3?
-234477
In base 7, what is -1314 + 462?
-522
In base 6, what is 10105 - -2130?
12235
In base 7, what is -1 - 32642?
-32643
In base 10, what is -50 + -3861?
-3911
In base 15, what is 1 - -2110?
2111
In base 14, what is -5 + -1822c?
-18233
In base 6, what is 2 - 30515?
-30513
In base 14, what is -47 - -7872?
7829
In base 3, what is -101000 + 211002?
110002
In base 8, what is 4 + 47?
53
In base 9, what is 27 - -264582?
264620
In base 15, what is 4a9ba - -5?
4a9c0
In base 3, what is 10 - 1022021001211?
-1022021001201
In base 15, what is 12e + -347?
-218
In base 14, what is -115 - bb0?
-cc5
In base 4, what is 12132130 + -220?
12131310
In base 10, what is 73 + 729?
802
In base 12, what is 2636 - b?
2627
In base 15, what is -2 + 4ab0?
4aad
In base 12, what is -403 + -17b?
-582
In base 6, what is 210 + 452?
1102
In base 4, what is -131 - 10132233?
-10133030
In base 14, what is -1 - -34647?
34646
In base 5, what is -4042323 - 2?
-4042330
In base 12, what is -b4 - 3a7?
-49b
In base 13, what is 4 - 3325?
-3321
In base 6, what is -1 + 4203525?
4203524
In base 2, what is 10000100101111111 - 101?
10000100101111010
In base 15, what is 7 + -307d?
-3076
In base 13, what is -1 + 526a?
5269
In base 12, what is -32 - -5456?
5424
In base 16, what is -2 - 18ce0?
-18ce2
In base 14, what is -5 - c413?
-c418
In base 16, what is 1 + -2e44?
-2e43
In base 15, what is 1391 + -a?
1386
In base 11, what is 2a - 75a5a?
-75a30
In base 7, what is -35 - 1316034?
-1316102
In base 15, what is -6 + 2014?
200d
In base 3, what is 1212 + 122112101?
122121020
In base 3, what is 1222010120 + 10?
1222010200
In base 13, what is -51a58 + 6?
-51a52
In base 5, what is -2 + -343331?
-343333
In base 4, what is -2203111 - 1130?
-2210301
In base 15, what is -2 - -856d?
856b
In base 2, what is 10110100011 - -111000?
10111011011
In base 7, what is -4643 - 2?
-4645
In base 8, what is 50401 - -430?
51031
In base 15, what is -117 - 70ee?
-7216
In base 10, what is -14574 - -5?
-14569
In base 8, what is -1630267 - 5?
-1630274
In base 10, what is 266957 - -14?
266971
In base 9, what is -10222 + 3?
-10218
In base 15, what is -2 + b57?
b55
In base 8, what is 2631 + -675?
1734
In base 9, what is 6617 + 70?
6687
In base 16, what is 3e + 8567?
85a5
In base 9, what is -16137 - 2?
-16140
In base 15, what is -273c - -155?
-25d7
In base 9, what is -5 + 538171?
538165
In base 13, what is -8aa - -70?
-83a
In base 4, what is -11 - -10102201?
10102130
In base 14, what is -a - dac5?
-dad1
In base 12, what is -3 + -778b?
-7792
In base 14, what is -15902 + -3?
-15905
In base 5, what is -32 + -201402?
-201434
In base 11, what is 13 + 3191?
31a4
In base 5, what is 3 + 1431401?
1431404
In base 2, what is -100 + 1010111101000011?
1010111100111111
In base 5, what is -32221202 + 14?
-32221133
In base 10, what is -8 - -11153?
11145
In base 3, what is -12210101211 - -12?
-12210101122
In base 13, what is 8 + 8692?
869a
In base 9, what is 116 - 1086?
-870
In base 8, what is 30 + -664?
-634
In base 9, what is -51 + 34115?
34054
In base 7, what is -413 - 224?
-640
In base 2, what is 10000111010100001001 + -1000?
100001110